 + 64*x + 6485 = 0. List the prime factors of x.
1297
Suppose -u + 5*u = -4. Let a be (-2 + u - -1) + 15. What are the prime factors of -2 + a + (-4 - -2)?
3
Let w be (30/44 - (-4)/(-22))*-12. Let s(k) = 8*k**2 + 12*k + 53. List the prime factors of s(w).
269
Let k be (-5 + 4)/((-2)/4). Suppose -k*p - 367 = -3*q + 2*p, -2*q + 3*p + 244 = 0. List the prime factors of q.
5
Let f be ((-174)/4)/((-3)/36). Suppose 11*x - 2*x - f = 0. What are the prime factors of x?
2, 29
Let n(u) = 2*u**3 - 8*u**2 - 6*u - 2. Let g(x) = -2*x**3 + 4 - 2 - 3 + x**3. Let p(j) = -3*g(j) - n(j). List the prime factors of p(-5).
2, 5
Suppose 3*b = -4*k + 89, 3*k - 66 = b - 4*b. Let y = 48 - k. List the prime factors of y.
5
Suppose -6*k + 4*k = -140. What are the prime factors of k?
2, 5, 7
Let r = 422 - 397. Let f be 2*(-23)/(-4)*-2. Let l = f + r. List the prime factors of l.
2
Let j(p) = -11*p + 32. Let s be (101/(-11) - -4) + 4/22. What are the prime factors of j(s)?
3, 29
Suppose -c + 5*r = 10, 3*r - 13 = 3*c + 29. Let x be (-24)/c + (-2)/(-5). Suppose x*n - 29 = -j, 3*n - 10 = -1. What are the prime factors of j?
23
Suppose 2*f - 6 = -3*o, 4*f + o + o = 12. Let c(u) = 12*u**2 - 2*u - 14. What are the prime factors of c(f)?
2, 11
Let y(v) be the third derivative of v**4/24 + 10*v**3/3 - 4*v**2. List the prime factors of y(18).
2, 19
Let h = -4505 - -2217. What are the prime factors of (-6)/8 - h/64?
5, 7
Let q(i) = -42*i + 2. Let n be q(1). Let j = 4 - n. Suppose -y + j = y. List the prime factors of y.
2, 11
Suppose 2*x = 8*t - 3*t - 351, 3*t - 223 = -5*x. Suppose t = -f + 304. What are the prime factors of f?
233
Let t(a) = -11*a - 4. Let u be t(-3). Let w be u - 12/8*-2. Let n = 61 - w. What are the prime factors of n?
29
Let x(r) be the third derivative of r**5/60 - r**4/3 - 2*r**2. Let v be x(8). Suppose 2*a - 8 + 64 = 2*f, 5*f - 2*a - 155 = v. What are the prime factors of f?
3, 11
Suppose 2*i = -2, s - 2 - 3 = -i. Let n be 2*(-39)/s - -3. Let x = 0 - n. What are the prime factors of x?
2, 5
Suppose 6*b + 159 = 27. Let f be (-4)/b - (-42)/11. Suppose -f*t + 25 + 83 = 4*l, -3*t - 19 = -l. What are the prime factors of l?
5
Suppose h - 24 = -h. Suppose 4*c = 4*k - 36 - 8, -5*c = -4*k + 43. List the prime factors of (75/k)/(3/h).
5
Let t = -34 + 34. Suppose -85 = -5*h - t*h. What are the prime factors of h?
17
Let j be 559 + -1 - (1/1 + 1). Suppose 5*d - m = 695, 4*d - 2*m - j = -3*m. List the prime factors of d.
139
What are the prime factors of 15616/104 - (-2)/(-13)?
2, 3, 5
Suppose -2*s + 223 = 4*j + 73, -3*j + 80 = -5*s. List the prime factors of j.
5, 7
Suppose 12 = -4*q - 8, -4*q = 3*s - 397. Let w = 59 + s. What are the prime factors of w?
2, 3, 11
Let x be 1 - (0 + 1 + -4). Let h(d) be the second derivative of d**4/6 - d**3 + 5*d**2/2 + 39*d. What are the prime factors of h(x)?
13
Let n(q) = 272*q + 3. What are the prime factors of n(1)?
5, 11
Let g = 6 + -2. Suppose z - 58 = g*s + 4*z, 0 = -5*s + z - 63. Let i = 16 + s. What are the prime factors of i?
3
Suppose -i + 3*c - 153 = 0, 3*c - 87 + 924 = -5*i. Let h = 79 + i. Let b = -51 - h. List the prime factors of b.
5, 7
Suppose 3*a - 1120 = -9*w + 4*w, 4*w - 2*a - 874 = 0. Let l = w - 105. What are the prime factors of l?
2, 29
Let f be (-2 - -3)/(4/492). Let y = f - 54. List the prime factors of y.
3, 23
Suppose -3*x = 3*v - 15, -2*x - 2 = -v - 0*v. Suppose -2*c + 4*s = -v*c - 24, -4*s = 0. List the prime factors of 6*(-56)/c + 1.
29
Suppose 6*u = 4*u - g + 1781, 4*u - 3561 = -3*g. List the prime factors of u.
3, 11
Suppose -3 = -4*p + 5. Suppose 2*j + 0*m - 50 = -m, -25 = -j + p*m. Let y = 48 - j. List the prime factors of y.
23
Let z = 2227 - 1587. List the prime factors of z.
2, 5
Let v(i) = -1 - 3*i - 21 + 2 + 7. List the prime factors of v(-7).
2
Let d(r) = r. Let m(w) = -72*w + 7. Let c(f) = -d(f) - m(f). Let i be c(5). Suppose -x - 5*x + i = 0. List the prime factors of x.
2, 29
Suppose -2*v + 4*w = -24, -2*w = -7*w + 10. Suppose -5*d - t = 0, -5*d - 3*t = -2*d. List the prime factors of v + d*(-1)/4.
2
Let r be -1*(0 - -1)*-289. Suppose 5*k - k - 3*x = 222, -5*k + r = 2*x. Suppose -4*t - 5*s + 48 = 0, -2*s = -3*t + k + 2. List the prime factors of t.
17
Let h = 612 + -108. List the prime factors of h.
2, 3, 7
What are the prime factors of ((-12)/(-10))/((-87)/(-117595))?
2, 811
Suppose 0 = -3*g + 4*g + 2*s - 62, 5*g - 4*s - 254 = 0. Suppose -4*o + 6*o - g = 0. Suppose -2*i = -29 - o. What are the prime factors of i?
2, 7
Let f = 1882 + -836. List the prime factors of f.
2, 523
Suppose 6 = -3*o + 4*o. Suppose 2*p - 2*d + 130 = o*p, -4*d = -5*p + 182. List the prime factors of p.
2, 17
Let j = -3 + 6. Suppose 3*x - 179 = f + x, j*x = -f - 204. What are the prime factors of (1/3)/((-3)/f)?
3, 7
Suppose 37 = -3*p - 5. What are the prime factors of p/42 + (-80)/(-6)?
13
List the prime factors of (5/(-45))/(6/18)*-189.
3, 7
What are the prime factors of 2673/12 - (-7)/(-56)*-10?
2, 7
Suppose 13*s = 10*s + 21. Suppose -147 = s*a - 420. List the prime factors of a.
3, 13
Let p = 2638 + -2363. What are the prime factors of p?
5, 11
Let s(g) = 28*g**2 - 3*g + 73. What are the prime factors of s(7)?
2, 89
Let i(c) be the first derivative of 9*c**2 - 23*c - 21. What are the prime factors of i(13)?
211
Suppose 667 - 1837 = -4*m + 5*l, -8 = -4*l. List the prime factors of m.
5, 59
Let v = 169 - -159. Suppose 507 + v = 4*h - 5*p, -5*h - 4*p = -1095. Suppose -h = -5*w + 170. What are the prime factors of w?
7, 11
Suppose -144 = 3*o - 5*w - 684, 360 = 2*o + 5*w. What are the prime factors of ((2 - 1)/((-4)/o))/(-1)?
3, 5
Let s(r) = -2*r**3 + 2*r**2 - r + 497. What are the prime factors of s(0)?
7, 71
Suppose 5*t = -w + 36, 2*t = w - 0*w + 20. Let y(u) = -u**2 + 9*u + 1. List the prime factors of y(t).
3
Let t = -43 - -46. Suppose -2*a + 345 = t*b - a, 0 = -5*a. List the prime factors of b.
5, 23
Suppose 25*c + c = 6994. What are the prime factors of c?
269
Let l = -853 - -1378. Suppose -12*q + l = -7*q. List the prime factors of q.
3, 5, 7
What are the prime factors of (-22135)/(-75) + 7 + (-2)/15?
2, 151
Suppose 5*i - 3*m - 2393 = 0, -9*i + 7*i + 5*m = -961. List the prime factors of i.
2, 239
Suppose -10*k = -9*k. Suppose 10*x + k*x - 750 = 0. List the prime factors of x.
3, 5
Let h = -70 + 49. Let p = h + 115. List the prime factors of p.
2, 47
Let x = 53 - 38. Suppose 4*v - x = v. Suppose 3*f - v*f = -42. List the prime factors of f.
3, 7
Let n(t) = -5*t**2 + 2*t + 5. Let r be n(4). Let z = 367 + r. List the prime factors of z.
2, 3, 5
Suppose -4*b + 5*h + 389 = 0, -4*b - h + 2*h + 385 = 0. What are the prime factors of -5*(9/18)/((-2)/b)?
2, 3, 5
Let c(s) = s**3 - 5*s**2 + 4. Let j be c(2). What are the prime factors of 0 - 64/j*13/2?
2, 13
Suppose 3*a - 4*t + 64 = a, 4*t = -a - 38. Let z = a - -6. Let o = z - -75. List the prime factors of o.
47
Suppose 0 = -4*o + o + 96. Suppose o = 4*s - 40. Suppose -s = -2*w + 20. What are the prime factors of w?
19
Suppose -2*l + 92 = 5*o, 1 = -4*l + 5. List the prime factors of (-406)/(-6) + o/(-27).
67
Let m(h) = -h**3 - 22*h**2 - 99*h - 34. List the prime factors of m(-16).
2, 7
Suppose -3*b + 1217 + 82 = -3*t, 0 = 5*b + t - 2195. List the prime factors of b.
2, 3, 73
Let g(j) = -56*j**3 - j**2 + 2*j - 1. Let s be g(1). Let n = s - -97. Suppose 2*u - n = 9. List the prime factors of u.
5
Let z be (-6)/(3 + (-9)/6). Let n(x) = -x + 1. Let y be n(z). Suppose 2*a = -2 + 4, -11 = -2*t + y*a. What are the prime factors of t?
2
Let m = -10 + 3. Let a = m - -9. Suppose -2*k = -3*p - 90, a*k + 3*p - 43 = 23. What are the prime factors of k?
3, 13
Let n(o) = -o**3 + 15*o**2 - 5*o - 11. Let k be n(14). Suppose 3*q + 2*q - k = 0. Suppose q + 13 = 3*f. What are the prime factors of f?
2, 3
Let o = -2087 + 3668. What are the prime factors of o?
3, 17, 31
Let n(l) = -10*l - 25. Suppose -8*k + 3*k - 65 = 0. What are the prime factors of n(k)?
3, 5, 7
Suppose 4*f = 53 - 13. Suppose -z - 1 + f = 0. Let w = z + 2. What are the prime factors of w?
11
Let b(v) be the third derivative of v**5/60 - v**4/4 + 7*v**3/6 - 8*v**2. Let n be b(8). Suppose -o + n = -25. What are the prime factors of o?
2, 3
Let s(l) = -l**3 + 5*l**2 - 3*l - 4. Let i(y) = -y**2 - 5*y. Let t be i(-4). Let v 